{"id":16130,"date":"2026-02-06T11:51:32","date_gmt":"2026-02-06T08:51:32","guid":{"rendered":"https:\/\/excursionsworld.com\/?post_type=product&#038;p=16130\/"},"modified":"2026-04-24T01:27:21","modified_gmt":"2026-04-23T22:27:21","slug":"prywatny-czarter-jachtu-belek-tuana-vip","status":"publish","type":"product","link":"https:\/\/excursionsworld.com\/tours\/belek-private-yacht-rental-tuana-vip\/","title":{"rendered":"Prywatny Czarter Jachtu w Belek \u2013 Tuana VIP | Dzie\u0144 &amp; Sunset"},"content":{"rendered":"<h2>\ud83c\udfd9\ufe0f Przegl\u0105d<\/h2>\n<p>Wyp\u0142y\u0144 w rejs <strong>Tuana VIP<\/strong>, nowoczesny 14-metrowy prywatny jacht motorowy wyp\u0142ywaj\u0105cy z <strong><a href=\"https:\/\/en.wikipedia.org\/wiki\/Belek\" target=\"_blank\" rel=\"noopener\">Belek<\/a><\/strong>. Zaprojektowany dla par, rodzin i ma\u0142ych prywatnych grup, ten ekskluzywny czarter oferuje <strong>trzy r\u00f3\u017cne do\u015bwiadczenia<\/strong>Kulturalny rejs przybrze\u017cny, malownicza trasa nad wodospadem lub romantyczna podr\u00f3\u017c o zachodzie s\u0142o\u0144ca. Ciesz si\u0119 krystalicznie czystymi wodami, wykwintnymi posi\u0142kami na pok\u0142adzie i komfortem \"od drzwi do drzwi\".<\/p>\n<h3>\u00a0W zestawie:<\/h3>\n<p><span style=\"color: #00ff00;\"><strong>\u2713<\/strong><\/span> Czarter prywatnego jachtu<br \/>\n<span style=\"color: #00ff00;\"><strong>\u2713 <\/strong><\/span>Transfer hotelowy w obie strony<br \/>\n<span style=\"color: #00ff00;\"><strong>\u2713 <\/strong><\/span>Profesjonalny kapitan i za\u0142oga<br \/>\n<strong><span style=\"color: #00ff00;\">\u2713 <\/span>Lunch dla smakoszy<\/strong> Rano i przez ca\u0142y dzie\u0144<br \/>\n<strong>\u2022<\/strong> Grillowana ryba (leszcz \/ labraks)<br \/>\n<strong>\u2022<\/strong> Kurczak i hamburger<br \/>\n<strong>\u2022<\/strong> Makaron i ry\u017c<br \/>\n<span style=\"color: #00ff00;\"><strong>\u2713 <\/strong><\/span>Przek\u0105ski: Owoce, orzechy, chipsy i \u015bwie\u017ce sa\u0142atki<br \/>\n<span style=\"color: #00ff00;\"><strong>\u2713 <\/strong><\/span>Nielimitowane napoje bezalkoholowe (woda, cola, fanta, herbata, kawa)<br \/>\n<span style=\"color: #00ff00;\"><strong>\u2713 <\/strong><\/span>Wi-Fi na pok\u0142adzie<br \/>\n<span style=\"color: #00ff00;\"><strong>\u2713 <\/strong><\/span>R\u0119czniki i sprz\u0119t do nurkowania<\/p>\n<h3>\u00a0Wy\u0142\u0105czone:<\/h3>\n<p><span style=\"color: #ff0000;\"><strong>\u2717<\/strong> <\/span>Napoje alkoholowe<br \/>\n<span style=\"color: #ff0000;\"><strong>\u2717<\/strong> <\/span>Wydatki osobiste (zdj\u0119cia i filmy)<br \/>\n<span style=\"color: #ff0000;\"><strong>\u2717<\/strong> <\/span>Niestandardowe dekoracje i tort urodzinowy<\/p>\n<h2>\ud83c\udf1f Najwa\u017cniejsze atrakcje tej prywatnej wynaj\u0119tej \u0142odzi w Belek<\/h2>\n<p>Nowoczesny 14-metrowy prywatny jacht motorowy (budowa 2022)<br \/>\nTrzy opcje czarteru: Poranny, Ca\u0142odniowy i Zach\u00f3d S\u0142o\u0144ca<br \/>\nWodospad D\u00fcden wpadaj\u0105cy bezpo\u015brednio do morza<br \/>\nPrzystanki p\u0142ywackie na pla\u017cy Lara, w zatoce Kleopatry i ukrytych zatokach<br \/>\nOpcjonalne widoki na wybrze\u017ce w kierunku staro\u017cytnego miasta Side<br \/>\nPok\u0142ad s\u0142oneczny, system muzyczny i opcjonalne sporty wodne<br \/>\nIdealny dla par, rodzin i na specjalne uroczysto\u015bci<\/p>\n<h2>Twoje do\u015bwiadczenie z wynajmem prywatnego jachtu w Belek<\/h2>\n<p>Twoje do\u015bwiadczenie z jachtem VIP rozpoczyna si\u0119 od prywatnego odbioru z hotelu i transferu do <strong>Ac\u0131su Marina w Belek<\/strong>. Po wej\u015bciu na pok\u0142ad Tuana VIP i spotkaniu z profesjonaln\u0105 za\u0142og\u0105 wyruszysz w rejs zgodnie z wybran\u0105 sesj\u0105 czarteru.<\/p>\n<p>Poranne i ca\u0142odniowe rejsy obejmuj\u0105 przerwy na p\u0142ywanie w turkusowych zatokach oraz \u015bwie\u017co przygotowany lunch dla smakoszy serwowany na pok\u0142adzie. Rejsy <strong>rejs o zachodzie s\u0142o\u0144ca<\/strong> oferuje spokojniejsz\u0105, bardziej romantyczn\u0105 atmosfer\u0119 wzd\u0142u\u017c wybrze\u017ca, idealn\u0105 dla par i wyj\u0105tkowych chwil na morzu. Ka\u017cdy szczeg\u00f3\u0142 jest dopilnowany przez za\u0142og\u0119, dzi\u0119ki czemu mo\u017cna si\u0119 zrelaksowa\u0107 i cieszy\u0107 podr\u00f3\u017c\u0105.<\/p>\n<h3>\u2139\ufe0f Przydatne informacje<\/h3>\n<p>Pojemno\u015b\u0107: Do 10 go\u015bci<br \/>\nCzas trwania: 4 lub 6 godzin (w oparciu o wybran\u0105 sesj\u0119 czarteru)<br \/>\nCeny w lipcu i sierpniu mog\u0105 si\u0119 r\u00f3\u017cni\u0107<br \/>\nTrasa mo\u017ce ulec zmianie w zale\u017cno\u015bci od warunk\u00f3w na morzu.<br \/>\nDop\u0142ata mo\u017ce obowi\u0105zywa\u0107 w przypadku hoteli oddalonych od centrum Belek.<\/p>\n<h2>Co zabra\u0107 ze sob\u0105<\/h2>\n<p>Str\u00f3j k\u0105pielowy i r\u0119cznik<br \/>\nOchrona przeciws\u0142oneczna i okulary przeciws\u0142oneczne<br \/>\n\ud83d\udd39 Kapelusz<br \/>\nGot\u00f3wka na wydatki osobiste<\/p>\n<h3>Nieodpowiednie dla<\/h3>\n<p>Go\u015bcie z powa\u017cnymi ograniczeniami ruchowymi<br \/>\nOsoby podatne na ekstremaln\u0105 chorob\u0119 morsk\u0105<\/p>\n<h2>Cena i rezerwacja<\/h2>\n<p>Zarezerwuj teraz, zap\u0142a\u0107 w dniu wydarzenia<br \/>\nNiestandardowe dekoracje dost\u0119pne na specjalne okazje<br \/>\nSkontaktuj si\u0119 z nami przez WhatsApp, Telegram, Viber lub wype\u0142nij poni\u017cszy formularz rezerwacji \ud83d\udc47\ud83c\udffc<\/p>\n<p>Szukasz alternatyw? Przegl\u0105daj <a href=\"https:\/\/excursionsworld.com\/pl\/prywatny-czarter-jachtu-antalya-kemer\/\">wi\u0119cej wycieczek z wynajmem jacht\u00f3w w Belek<\/a>.<\/p>","protected":false},"excerpt":{"rendered":"<p>Ciesz si\u0119 wynajmem prywatnego jachtu w Belek z Tuana VIP. Wybierz rejsy ca\u0142odniowe lub o zachodzie s\u0142o\u0144ca, transfer do hotelu, postoje na p\u0142ywanie i us\u0142ugi premium. Zarezerwuj teraz!<\/p>","protected":false},"featured_media":16142,"comment_status":"open","ping_status":"closed","template":"","meta":[],"product_brand":[],"product_cat":[129],"product_tag":[122],"class_list":{"0":"post-16130","1":"product","2":"type-product","3":"status-publish","4":"has-post-thumbnail","6":"tour_phys-yacht-rental","7":"product_cat-yacht-rental","8":"product_tag-side","9":"pa_kategori-private-yacht-rental-kemer-antalya","11":"first","12":"instock","13":"sale","14":"shipping-taxable","15":"purchasable","16":"product-type-tour_phys"},"aioseo_notices":[],"_links":{"self":[{"href":"https:\/\/excursionsworld.com\/pl\/wp-json\/wp\/v2\/product\/16130","targetHints":{"allow":["GET"]}}],"collection":[{"href":"https:\/\/excursionsworld.com\/pl\/wp-json\/wp\/v2\/product"}],"about":[{"href":"https:\/\/excursionsworld.com\/pl\/wp-json\/wp\/v2\/types\/product"}],"replies":[{"embeddable":true,"href":"https:\/\/excursionsworld.com\/pl\/wp-json\/wp\/v2\/comments?post=16130"}],"wp:featuredmedia":[{"embeddable":true,"href":"https:\/\/excursionsworld.com\/pl\/wp-json\/wp\/v2\/media\/16142"}],"wp:attachment":[{"href":"https:\/\/excursionsworld.com\/pl\/wp-json\/wp\/v2\/media?parent=16130"}],"wp:term":[{"taxonomy":"product_brand","embeddable":true,"href":"https:\/\/excursionsworld.com\/pl\/wp-json\/wp\/v2\/product_brand?post=16130"},{"taxonomy":"product_cat","embeddable":true,"href":"https:\/\/excursionsworld.com\/pl\/wp-json\/wp\/v2\/product_cat?post=16130"},{"taxonomy":"product_tag","embeddable":true,"href":"https:\/\/excursionsworld.com\/pl\/wp-json\/wp\/v2\/product_tag?post=16130"}],"curies":[{"name":"wp","href":"https:\/\/api.w.org\/{rel}","templated":true}]}}

Prywatny Czarter Jachtu w Belek – Tuana VIP | Dzień &amp; Sunset

<h2>🏙️ Przegląd</h2>
<p>Wypłyń w rejs <strong>Tuana VIP</strong>, nowoczesny 14-metrowy prywatny jacht motorowy wypływający z <strong><a href="https://en.wikipedia.org/wiki/Belek" target="_blank" rel="noopener">Belek</a></strong>. Zaprojektowany dla par, rodzin i małych prywatnych grup, ten ekskluzywny czarter oferuje <strong>trzy różne doświadczenia</strong>Kulturalny rejs przybrzeżny, malownicza trasa nad wodospadem lub romantyczna podróż o zachodzie słońca. Ciesz się krystalicznie czystymi wodami, wykwintnymi posiłkami na pokładzie i komfortem "od drzwi do drzwi".</p>
<h3> W zestawie:</h3>
<p><span style="color: #00ff00;"><strong>✓</strong></span> Czarter prywatnego jachtu<br />
<span style="color: #00ff00;"><strong>✓ </strong></span>Transfer hotelowy w obie strony<br />
<span style="color: #00ff00;"><strong>✓ </strong></span>Profesjonalny kapitan i załoga<br />
<strong><span style="color: #00ff00;">✓ </span>Lunch dla smakoszy</strong> Rano i przez cały dzień<br />
<strong>•</strong> Grillowana ryba (leszcz / labraks)<br />
<strong>•</strong> Kurczak i hamburger<br />
<strong>•</strong> Makaron i ryż<br />
<span style="color: #00ff00;"><strong>✓ </strong></span>Przekąski: Owoce, orzechy, chipsy i świeże sałatki<br />
<span style="color: #00ff00;"><strong>✓ </strong></span>Nielimitowane napoje bezalkoholowe (woda, cola, fanta, herbata, kawa)<br />
<span style="color: #00ff00;"><strong>✓ </strong></span>Wi-Fi na pokładzie<br />
<span style="color: #00ff00;"><strong>✓ </strong></span>Ręczniki i sprzęt do nurkowania</p>
<h3> Wyłączone:</h3>
<p><span style="color: #ff0000;"><strong>✗</strong> </span>Napoje alkoholowe<br />
<span style="color: #ff0000;"><strong>✗</strong> </span>Wydatki osobiste (zdjęcia i filmy)<br />
<span style="color: #ff0000;"><strong>✗</strong> </span>Niestandardowe dekoracje i tort urodzinowy</p>
<h2>🌟 Najważniejsze atrakcje tej prywatnej wynajętej łodzi w Belek</h2>
<p>Nowoczesny 14-metrowy prywatny jacht motorowy (budowa 2022)<br />
Trzy opcje czarteru: Poranny, Całodniowy i Zachód Słońca<br />
Wodospad Düden wpadający bezpośrednio do morza<br />
Przystanki pływackie na plaży Lara, w zatoce Kleopatry i ukrytych zatokach<br />
Opcjonalne widoki na wybrzeże w kierunku starożytnego miasta Side<br />
Pokład słoneczny, system muzyczny i opcjonalne sporty wodne<br />
Idealny dla par, rodzin i na specjalne uroczystości</p>
<h2>Twoje doświadczenie z wynajmem prywatnego jachtu w Belek</h2>
<p>Twoje doświadczenie z jachtem VIP rozpoczyna się od prywatnego odbioru z hotelu i transferu do <strong>Acısu Marina w Belek</strong>. Po wejściu na pokład Tuana VIP i spotkaniu z profesjonalną załogą wyruszysz w rejs zgodnie z wybraną sesją czarteru.</p>
<p>Poranne i całodniowe rejsy obejmują przerwy na pływanie w turkusowych zatokach oraz świeżo przygotowany lunch dla smakoszy serwowany na pokładzie. Rejsy <strong>rejs o zachodzie słońca</strong> oferuje spokojniejszą, bardziej romantyczną atmosferę wzdłuż wybrzeża, idealną dla par i wyjątkowych chwil na morzu. Każdy szczegół jest dopilnowany przez załogę, dzięki czemu można się zrelaksować i cieszyć podróżą.</p>
<h3>ℹ️ Przydatne informacje</h3>
<p>Pojemność: Do 10 gości<br />
Czas trwania: 4 lub 6 godzin (w oparciu o wybraną sesję czarteru)<br />
Ceny w lipcu i sierpniu mogą się różnić<br />
Trasa może ulec zmianie w zależności od warunków na morzu.<br />
Dopłata może obowiązywać w przypadku hoteli oddalonych od centrum Belek.</p>
<h2>Co zabrać ze sobą</h2>
<p>Strój kąpielowy i ręcznik<br />
Ochrona przeciwsłoneczna i okulary przeciwsłoneczne<br />
🔹 Kapelusz<br />
Gotówka na wydatki osobiste</p>
<h3>Nieodpowiednie dla</h3>
<p>Goście z poważnymi ograniczeniami ruchowymi<br />
Osoby podatne na ekstremalną chorobę morską</p>
<h2>Cena i rezerwacja</h2>
<p>Zarezerwuj teraz, zapłać w dniu wydarzenia<br />
Niestandardowe dekoracje dostępne na specjalne okazje<br />
Skontaktuj się z nami przez WhatsApp, Telegram, Viber lub wypełnij poniższy formularz rezerwacji 👇🏼</p>
<p>Szukasz alternatyw? Przeglądaj <a href="https://excursionsworld.com/pl/prywatny-czarter-jachtu-antalya-kemer/">więcej wycieczek z wynajmem jachtów w Belek</a>.</p>

<p>Ciesz się wynajmem prywatnego jachtu w Belek z Tuana VIP. Wybierz rejsy całodniowe lub o zachodzie słońca, transfer do hotelu, postoje na pływanie i usługi premium. Zarezerwuj teraz!</p>
